 be y(u). Is d(j) composite?
True
Suppose -26*d - 16 = -34*d. Suppose 5*a + 55336 = 4*h, 0 = d*a + 5 + 3. Is h a prime number?
True
Let x(o) = -9538*o**3 + 3*o**2 + 19*o + 31. Is x(-2) a composite number?
True
Suppose -784*y + 834*y - 16645850 = 0. Is y a composite number?
True
Suppose -522548 = -15*f + 164527. Is f prime?
False
Let p(s) = 327*s - 431. Is p(34) a composite number?
False
Let j(y) = -1194*y - 51. Let h be j(-3). Let i = 6349 - h. Is i prime?
False
Let v be (13/4)/(2/8). Let t(o) = -244*o - 15. Let n(y) = -506*y - 30. Let u(p) = 4*n(p) - 9*t(p). Is u(v) a composite number?
False
Is (2 + -8)*(-606878)/69 + -1 a composite number?
True
Let b = 8 - -7. Let z(a) = 272*a + 18. Let n be z(b). Suppose 3*q - n = -5*p, -395 - 3694 = -3*q - 2*p. Is q composite?
False
Let y = -591 + 1362. Let i = y + -139. Let h = 1078 - i. Is h a prime number?
False
Let f be (-96)/216 + 98/(-18)*-1. Suppose -f*j = -2*v + 1822, 0*v = 3*v + 5*j - 2783. Is v a prime number?
False
Let y(f) = f**3 + 26*f**2 + 51*f + 37. Let n be y(-24). Is ((-7)/n)/((-6)/(-19590)) a composite number?
False
Let x(f) = 251*f - 41 - 42 - 9 + 169. Is x(6) a prime number?
True
Let a = -529039 - -849830. Is a prime?
True
Let h(a) = 4*a**2 - 12*a + 7. Let k be (140/(-30))/((-5)/((-30)/4)). Is h(k) prime?
False
Let j = -49 + 52. Suppose j*m + 6 = 12. Let o(f) = 314*f**2 + f - 5. Is o(m) composite?
True
Let h = 358524 - 127891. Suppose 11*q - 6494 = h. Is q a composite number?
False
Let y = -11856 - -13567. Is y a composite number?
True
Let n be 10 - (148/28 + 9 + 585/(-63)). Suppose -3*s = m + 4 - 0, 2 = -2*m - 3*s. Suppose 5*o - m*d = 2705, -n*o + 3*o + 1082 = -d. Is o composite?
False
Let u = 99 + -87. Suppose -3*g + 2*g - 3*p + 1281 = 0, u = -3*p. Is g a composite number?
True
Let a(q) = q + 3. Let n be a(6). Let x be (0 - 0) + -4 + n. Suppose 0 = -8*o + x*o + 2013. Is o a prime number?
False
Suppose -89*v = -84*v - 68025. Suppose v = 4*z + 11*z. Is z prime?
True
Let t(b) = -b**2 + 2*b + 2. Let r be t(3). Let f be 3165 + -1 - r*(2 - 1). Suppose o - 4*o = -f. Is o a composite number?
True
Let c(o) be the second derivative of -o**5/20 + o**4/3 + o**3/2 + o**2 - 22*o. Let s be c(4). Is (s/8)/(-4 + (-2547)/(-636)) composite?
True
Suppose -147375 - 7923 = -13*w. Suppose i - 4779 = -2*x, -56*x + 51*x + w = i. Is x a prime number?
True
Let z = -33 - -36. Suppose x = -5*l + 53318, 5*l = z*x + 17382 + 35924. Is l composite?
False
Let t(p) = 629*p**2 - 22*p - 42. Is t(-5) a prime number?
False
Let g(f) = -761*f - 60. Let u be g(9). Let q = u + 13262. Is q a prime number?
True
Suppose -g - 18 = -4*x, 8 - 6 = g. Suppose -h + x*h = 3*i + 80224, 4*h + 2*i - 80204 = 0. Is h a composite number?
True
Suppose 0*f - 6 = -2*f. Let r(j) = -4*j - 38. Let y be r(-10). Suppose y*q - q + 604 = f*k, k - 198 = q. Is k a composite number?
True
Suppose -2088366 = -4*v + 5*h, 9*v - 2*h - 2610449 = 4*v. Is v prime?
False
Let u(v) = 13*v**2 - 30*v - 26. Let q = -237 - -262. Is u(q) a composite number?
False
Let p be 1 - (-3 - (1 + -1)) - 4. Suppose -4*f + 53 + 35 = p. Is f/(-8)*(-372 + -16) prime?
False
Is (27/((-729)/1524834))/((-2)/21) prime?
False
Let c(j) = 81508*j**2 - 238*j + 477. Is c(2) prime?
False
Let g(c) = 186211*c**2 - 257*c - 257. Is g(-1) prime?
True
Let a = 407 - 421. Is -8 + 1988 - (a/2 - -2) composite?
True
Suppose 0 = 2*p + 10*p - 239340. Suppose 5*g + 5*v - p = 0, -4*v = 3*g - 5*g + 7978. Is g prime?
True
Suppose 284*l + 3816618 = 362*l. Is l composite?
True
Let h(d) = -175*d + 354. Let x be h(2). Let w = -11 - -17. Is 370/3*w/x a prime number?
False
Let t(c) = -c**3 - 86*c**2 - 355*c - 29. Is t(-84) a composite number?
False
Let p(l) = 442*l + 2. Let u be p(17). Suppose 0 = s - u + 2765. Is s a prime number?
True
Let n be ((-5)/(-2)*2)/5*9725. Suppose 5090 = b - n. Is b prime?
False
Let m(c) = -6*c - 55. Let p be m(-10). Suppose 3*k + p*w - 16763 = 0, k + 0*w + 3*w - 5585 = 0. Is k a prime number?
True
Suppose -3*l = -23*l + 363620. Is l prime?
True
Let c be (652/2)/((-2)/(-109)). Suppose c + 19052 = 9*f. Is f a composite number?
False
Suppose -76*y + 45376224 = 15*y + 5*y. Is y a composite number?
False
Let w be (7 - (-5 + 62))*(-6 - -2). Suppose n - 782 = w. Is n a prime number?
False
Let y(j) = 49*j - 195. Let f be y(44). Let o = f - -18. Is o composite?
False
Suppose -3*i = -6*i + 6, 4*z + 3*i - 22 = 0. Suppose 3*m - 6*j - 1047 = -5*j, 1396 = z*m + 4*j. Suppose 0 = 10*d + m - 7079. Is d a prime number?
True
Let i(v) = 65286*v + 197. Is i(2) a composite number?
False
Let b(o) = -15 + 11 + 3*o - 35*o**3 - 2*o**2 + 5 - 12*o. Let z be b(4). Let h = 4102 + z. Is h a composite number?
True
Suppose 5*r - 2*d - 2235725 = 0, 193314 = r - 3*d - 253844. Is r a composite number?
True
Let x = 706 - 717. Is 12042453/319 + (-4)/x a prime number?
False
Let y = 30 + 15. Let f = y + -41. Is (2/f*(7 - -123))/1 prime?
False
Let p(i) = -i**3 - 110*i**2 - 294*i + 440. Is p(-123) prime?
True
Suppose g - 4*h = 620005, 2*g - 1240010 = 23*h - 28*h. Is g a prime number?
False
Suppose -m = 5*l - 2068740, -l = -2*m - 430992 + 17233. Is l composite?
True
Let j = 1411 + -2013. Let s = j + 1606. Suppose -f - 3*f = -s. Is f composite?
False
Let z = 62 + -107. Let j = 43 + z. Is 1338 + 0 - (-2 - (j + -1)) composite?
True
Suppose 32*w + 42 = 35*w. Let a = w - 13. Is 130*a - 1/((-2)/(-6)) a prime number?
True
Let g(h) = 17323*h**3 + h**2 - h. Let a be g(1). Let o = -15725 + 28654. Suppose -a = -12*u + o. Is u a prime number?
True
Let f(t) = 4799 + 1382 - t**2 - 89*t + 91*t. Is f(0) a prime number?
False
Suppose 4*z + 1675 = 4*d - 3*d, 0 = d + 2*z - 1663. Suppose 0 = k - 2*n - d, -2*k + n = k - 5016. Let j = 1530 + k. Is j a prime number?
True
Suppose 3*l - 7*l - 12 = -3*b, -2*b - 4*l - 12 = 0. Suppose 0 = 26*y - b*y - 108862. Is y composite?
True
Suppose -14788309 = 69*g + 47*g - 48609153. Is g composite?
False
Let y be 17/(-34)*44668/(-2). Let k = -5328 + y. Is k composite?
False
Let b = 64184 - 37125. Is b prime?
True
Let h = 3119236 - 1867855. Is h prime?
False
Let r(z) = 1461*z**2 + 22*z + 10. Let k = -256 + 253. Is r(k) prime?
True
Let f be (-4091 + 3)/(-2) - (-4 - -3). Suppose -105 + f = 20*b. Is b composite?
False
Suppose -5*w = -7*w - k + 81, -5*w = -5*k - 240. Suppose -w*j + 30541 = -42*j. Is j composite?
True
Let i(o) = -4*o - 3. Let a(m) = -8*m - 6. Let d(l) = -3*a(l) + 5*i(l). Let k be d(-1). Is (-3)/k - (-16)/4*314 prime?
True
Suppose 3*h + g = 12223, -2*g - g - 16319 = -4*h. Suppose 0 = 4*x - h + 1288. Is x a composite number?
True
Let d(m) = 129*m - 37. Let z be d(12). Suppose -3*q - 3*v + 1122 = 0, 2*v - 3*v + z = 4*q. Is q a composite number?
False
Suppose 150*z = 55*z + 13269315. Is z a composite number?
True
Let d be 292/16 - (-6)/(-24). Let w(x) = -x + 0*x**2 - d + 17 + x**2 - 93*x**3. Is w(-1) composite?
True
Let t(f) = 437*f**2 - 47*f + 1337. Is t(28) prime?
False
Suppose 3*d + 2*b - 271570 = 399431, -d - 5*b + 223667 = 0. Is d prime?
True
Let i(c) = -8159*c + 807. Is i(-56) a prime number?
True
Let k = 2093308 - 738271. Is k prime?
False
Let r(l) = 22*l**2 - 18*l - 15. Let t be r(-27). Suppose -1225 - t = -2*o. Suppose 0 = -3*b + 3*f + 6648, f - o = -4*b + 4*f. Is b a prime number?
False
Let r(z) = -2158*z - 7. Let n be r(-2). Let i = 10448 - n. Is (i/14)/(2/4) composite?
False
Suppose -13*u + 1655 = -8*u - 5*s, 0 = -u - 3*s + 315. Let i = -116 + u. Is i composite?
False
Let w(u) = 72*u - 3 + 75*u - 8 - 36*u. Let m be w(2). Suppose -2087 - m = -2*x. Is x prime?
False
Is 227*(-1352)/(-2) - -1 a composite number?
True
Suppose 10*a - 8*a - 18 = 0. Is ((-45)/(-30))/(a/18114) prime?
True
Let s = 3959 + 1011. Suppose 0 = -2*t - 4*o + 2494, 13*t - 17*t + s = -o. Is t a prime number?
False
Suppose 3*f - 12777924 = 1415493. Is f prime?
False
Suppose 592*h = 158*h + 20769938. Is h composite?
False
Let o be (-6)/(3/(-28)*2). Let q = o - 35. Is 542 + (q - -3)/4 a composite number?
False
Let k = 216 + -214. Suppose k*v = n + 4644 + 1203, 5*n = v - 2946. Is v a prime number?
False
Suppose -3*m + h + 279 = 0, -4*m + 461 - 96 = h. Suppose -k = 3*c - 3*k + 278, k - m = c. Let p = 839 + c. Is p a composite number?
True
Suppose -7*m = -4*m + 14988. Let q = -2368 - m. Suppose -p - v = 2*p - q, -3*p = 5*v - 2616. Is p 